Calculate the remainder when g(-21) is divided by 1 + 2*(1 + 12).
25
Let o(d) = -d**3 + 28*d**2 + 94*d - 51. Let r be o(30). Let z = r + -784. What is the remainder when z is divided by 31?
30
What is the remainder when 341 is divided by ((-40)/(-100))/(4/(-10))*(-27)/3?
8
Let n(y) = y**3 + y**2 + 4*y - 20. Let m be n(0). What is the remainder when 243 is divided by -98*(m/32 + (-2)/(-16))?
47
Let q = -244 + 244. Suppose -w + 147 = 5*p - 24, 5*p + 4*w - 174 = q. Calculate the remainder when 98 is divided by p.
30
Let z be 1*28 - (-22 - -18). Suppose z - 3 = p. What is the remainder when 200 is divided by p?
26
Let r = -30 + 222. Suppose -6*a - 234 - r = 0. Let z = -27 - a. What is the remainder when z is divided by 16?
12
Let z be (-20 - -20) + -103*1/1. What is the remainder when 371 is divided by (-3 - 3) + (-3 - z)?
89
Suppose -145*n + 2665 = -140*n. Let y = n + -506. Calculate the remainder when 74 is divided by y.
20
Let k = 61 + -37. Let p = -2094 + 1174. Calculate the remainder when (-3)/(-2)*p/(-30) is divided by k.
22
Let u(f) = 5313*f**2 - 47813*f - 6. What is the remainder when 304/(-6)*(-18)/4 is divided by u(9)?
18
Let a be 561/12 + 2/8. Suppose -109 = -2*v + a. Calculate the remainder when v is divided by -42 + 9369/135 + 1 + (-14)/10.
24
Suppose 5*c - u - 84 = -0*u, 4*u - 4 = 0. Suppose 272 = -c*j + 1258. What is the remainder when j is divided by 30?
28
Suppose -h - 4*h = -110. Suppose -5853 = 2*p + 3*p - a, -p = -5*a + 1161. Let k = p - -1204. What is the remainder when k is divided by h?
11
Suppose 3360 = 158*i - 86*i + 88*i. Let w be (6/(-4) + 2)*0. Suppose -k + 48 = 3*c, w*c + c = -4*k + 159. What is the remainder when k is divided by i?
18
Calculate the remainder when 3 - 1 - (-8 - (-43518)/(-3)) is divided by 264.
260
Let x = 17 + -12. Suppose -6*d + d + 45 = 5*q, 3*q - 23 = -x*d. Let s(f) = f + 22. Calculate the remainder when s(q) is divided by 9.
6
Suppose 0 = 2*u - 2*l - 232, -u + 114 = 28*l - 30*l. Calculate the remainder when 1414 is divided by u.
116
Let v(g) = -12*g - 55. Let r be v(-5). Suppose -r*o - 1254 = -1729. Calculate the remainder when o is divided by 10.
5
Suppose 0 = -4*h + 12, 151 - 427 = 2*k + 2*h. Let t = -102 - k. What is the remainder when 150 is divided by t?
33
Suppose -2 = -2*d + 18. Let q be ((0 + 2)*-1 - 4) + 0. Let n(l) = l**2 - 12. Calculate the remainder when n(q) is divided by d.
4
Let q be ((-11)/2)/((-3)/(-114)). Let i = 390 - q. Calculate the remainder when i is divided by 75.
74
Let o(w) = 3*w + 29. Let j(y) = -6*y + 226. What is the remainder when o(9) is divided by j(36)?
6
Let k = -199 - -246. Let d = 214 + -197. Calculate the remainder when k is divided by d.
13
Let q(p) be the second derivative of p**4/6 - 23*p**3/2 - 91*p**2/2 + 7*p - 8. What is the remainder when q(37) is divided by 48?
46
Let w(a) = -a**2 - 41 - 23 + 25*a + 20. Calculate the remainder when 237 is divided by w(21).
37
What is the remainder when (-6 - (-135)/3)/(1*2/30) is divided by 60?
45
Suppose -2*m - 6 = 0, 0 = 2*n - 0*m - 4*m - 16. Suppose 7*k - n*k - 100 = 0. Calculate the remainder when 76 + (-29)/(-319) + 21/11 is divided by k.
18
Calculate the remainder when 370 is divided by 7 + 215 + -9 + -1.
158
Suppose -1 + 11 = i. Let y(q) = q**2 + 23*q - 59. Suppose 0 = 33*a - 37*a - 104. What is the remainder when y(a) is divided by i?
9
Let q be 6 + (-5)/25*-15. Suppose 19*n = q*n + 40. Calculate the remainder when 21 is divided by n.
1
Let i(y) = y**2 - 8*y - 3. Let g be i(8). Calculate the remainder when 57 is divided by (-11 + 266/28)/(g/20).
7
What is the remainder when 13623 is divided by (1269/282)/((-5)/(-20))?
15
Calculate the remainder when (440/(-352))/(1/(-88)) is divided by 11.
0
Let s = -8009 - -8031. Let m(a) = -4*a**3 - 3*a**2 - a - 2. Let f be 17/(-6) + 2/(-12). What is the remainder when m(f) is divided by s?
16
Let u(t) = 8*t**2 + 199*t + 28. Calculate the remainder when u(-29) is divided by 43.
39
Suppose -17332 = -70*q + 196798. What is the remainder when q is divided by 204?
203
Suppose 25*w = 26*w - 76. Let k = w + -74. Suppose 2*n = 2*o + 6, 0 = k*n + 4*o - 2 + 8. Calculate the remainder when 14 is divided by n.
0
Let k(f) be the second derivative of -21*f**5/20 - f**4/12 - 4*f. What is the remainder when 8/44 - (-1281)/33 is divided by k(-1)?
19
Suppose 0 = -5*p + 5, 2*j + 5 = p + 16. Suppose 10*k - 142 = 78. Calculate the remainder when k is divided by j.
4
Let g = 106 + -16. Let s be 10/(-5) - -1 - -1. Suppose n = -s*n + 31. Calculate the remainder when g is divided by n.
28
Let s(b) = -b**2 + 17*b - 5. Let q be s(-7). Let g = q + 180. Let k = 30 + -16. What is the remainder when k is divided by g?
0
Let g(u) = -u**3 - 3*u**2 - 19*u + 8. Calculate the remainder when g(-3) is divided by 8.
1
Suppose 0 = 24*o - 16349 - 9811. Calculate the remainder when o is divided by 84.
82
Suppose 37 = 4*h + 13. Let f(k) = 8*k**2 - 13*k + 30. Let m be f(h). Let v = -169 + m. What is the remainder when v is divided by 12?
11
Let y be (-56)/(-8) + -6 + 502. Suppose y = 5*k - 4*p, -p - 3 = -1. Calculate the remainder when 216 is divided by k.
18
Let u = 7735 - 6875. Calculate the remainder when u is divided by 50.
10
Suppose -2*r + 4*r - 50 = 0. Let g(h) = h**3 + h**2 - 132*h + 639. Calculate the remainder when g(6) is divided by r.
24
Suppose -54141 = -65*q + 81156 + 19208. What is the remainder when q is divided by 20?
17
Let h(g) = -5*g**3 + 2*g**2 + 3*g + 4. Let t be (-2)/(-3) + 84/36. Let q be h(t). Let v = 115 + q. Calculate the remainder when 43 is divided by v.
10
Suppose -86 = -3*x - 4*t, -4*t - 68 = -3*x - x. Suppose x*r + 4392 = 40*r. Calculate the remainder when r is divided by 64.
52
Suppose 2*f - 341 = -a - 96, -3*f + 375 = 3*a. What is the remainder when f is divided by (-56 - -21)/(215/(-301))?
22
Suppose -108 - 82 = -5*r. Suppose 3*u + 3 = w, w + 16*u - 27 = 15*u. What is the remainder when r is divided by w?
17
Suppose 8*q + 7190 - 7559 = -q. What is the remainder when 267 is divided by q?
21
Let y be (-581)/(-2) - -4*8/64. Let o = -279 + y. Calculate the remainder when 32 is divided by o.
8
Let j(l) be the first derivative of l**3/3 + 2*l**2 - 8*l - 28. Calculate the remainder when 233 is divided by j(-7).
12
Suppose -98*m - 12*m = 348*m - 149766. Calculate the remainder when 1976 is divided by m.
14
Let x(o) = -o**2 + 3*o + 9. Let r be x(4). Suppose -42 - 12 = -4*z - r*y, -z = -5*y - 26. Calculate the remainder when 573 is divided by z.
13
Let o = 1432 + -634. Let z = o + -81. Calculate the remainder when z is divided by 24.
21
Let p be -4 - (-15)/3 - -7. Let w(q) = 3*q**3 - 23*q**2 + 5*q + 26. What is the remainder when w(p) is divided by 45?
40
Let o = -3 + 2. Let x = 241032 + -241017. What is the remainder when o - (-22 + -1) - -1 is divided by x?
8
Suppose -3*r + 3*d - 837 = 0, 2*r - 7*r + 2*d - 1404 = 0. What is the remainder when (r/(-15))/(-1 + 88/80) is divided by 38?
36
Let c = -4234 - -4397. What is the remainder when c is divided by 49?
16
Let q = 36 + -15. Let r = -1293 + 1298. Suppose -4*x - 5*a + q = 0, r*a + 60 = -x + 6*x. Calculate the remainder when 13 is divided by x.
4
Let v = 3353 - 3190. Calculate the remainder when v is divided by 41.
40
Let k = -261 + 257. Let j be ((-2 - -4) + -1)*-12. Calculate the remainder when 4 is divided by j/(-16) + k/(-16).
0
Let h(y) = -1628*y - 2 + y**2 + 1620*y + 2 - 4. Let a be h(10). Suppose 0 = -a*k + 12*k + 32. Calculate the remainder when 62 is divided by k.
6
Let b be ((-20)/(-35))/((-4)/(-14)). Suppose 12 - 36 = -b*i. Let u(c) = -7*c**3 - c**2 - 12*c - 20. What is the remainder when u(-2) is divided by i?
8
Suppose 530 = 5*j - 5*g, 4*j = g - 3*g + 400. Suppose p - 210 = 6*p. Let z = -15 - p. What is the remainder when j is divided by z?
21
Let y(o) = -12*o - 7. Suppose 2*i = v + 12, 5*i - 25 = 2*i - 2*v. Suppose 3*d = -z - 14, z + 5*d + 15 = -i. What is the remainder when 31 is divided by y(z)?
14
Suppose 12 = 3*k, 2*t - 174*k = -170*k + 242. What is the remainder when 216 is divided by t?
87
Suppose -4626*g + 4645*g = 38. What is the remainder when 3 is divided by g?
1
Suppose 2*x + 14 = -6*p + 2*p, 3*x + 5*p = -19. Calculate the remainder when 37 is divided by (0 - (-10)/x)*-3.
7
Let x be (2 - (-44)/(-12))*-228. Suppose 